{"id":29,"date":"2021-04-19T11:19:04","date_gmt":"2021-04-19T09:19:04","guid":{"rendered":"https:\/\/www.maslerougetcantal.fr\/page\/?page_id=29"},"modified":"2021-07-30T07:27:14","modified_gmt":"2021-07-30T05:27:14","slug":"eleveurs","status":"publish","type":"page","link":"https:\/\/www.maslerougetcantal.fr\/page\/fr\/notre-histoire\/eleveurs\/","title":{"rendered":"\u00c9leveurs"},"content":{"rendered":"\n<figure class=\"wp-block-image size-large\"><img decoding=\"async\" loading=\"lazy\" width=\"1024\" height=\"683\" src=\"https:\/\/www.maslerougetcantal.fr\/page\/wp-content\/uploads\/2021\/05\/I2B0632-1024x683.jpg\" alt=\"Campagne Cantal Aveyron Lot\" class=\"wp-image-196\" srcset=\"https:\/\/www.maslerougetcantal.fr\/page\/wp-content\/uploads\/2021\/05\/I2B0632-1024x683.jpg 1024w, https:\/\/www.maslerougetcantal.fr\/page\/wp-content\/uploads\/2021\/05\/I2B0632-300x200.jpg 300w, https:\/\/www.maslerougetcantal.fr\/page\/wp-content\/uploads\/2021\/05\/I2B0632-768x512.jpg 768w, https:\/\/www.maslerougetcantal.fr\/page\/wp-content\/uploads\/2021\/05\/I2B0632-1536x1024.jpg 1536w, https:\/\/www.maslerougetcantal.fr\/page\/wp-content\/uploads\/2021\/05\/I2B0632-2048x1365.jpg 2048w, https:\/\/www.maslerougetcantal.fr\/page\/wp-content\/uploads\/2021\/05\/I2B0632-1568x1045.jpg 1568w\" sizes=\"(max-width: 1024px) 100vw, 1024px\" \/><figcaption>Campagne : les fermes de nos \u00e9leveurs sont souvent de petites exploitations de moyenne montagne, pos\u00e9es ci et l\u00e0 dans les campagnes du Cantal, d&rsquo;Aveyron ou du Lot.<\/figcaption><\/figure>\n\n\n\n<p>Depuis toujours, Mas, charcutier et salaisonnier, travaille au quotidien avec les \u00e9leveurs et les coop\u00e9ratives d&rsquo;\u00e9leveurs. A mi-chemin entre montagne et campagne, la maison se fournit dans de nombreux \u00e9levages du pays et au-del\u00e0 : il faut dire que Le Rouget se situe au carrefour de trois grandes r\u00e9gions fran\u00e7aises : Auvergne Rh\u00f4ne Alpes, Occitanie et Nouvelle Aquitaine.<\/p>\n\n\n\n<p>Au del\u00e0 du crit\u00e8re g\u00e9ographique, c&rsquo;est avant tout sur la qualit\u00e9 de la viande que se font et se d\u00e9font les relations avec les \u00e9leveurs. Mas r\u00e9mun\u00e8re ses \u00e9leveurs au prix juste, dans une optique de partenariat \u00e0 long terme. Le maintien d&rsquo;une agriculture locale permet de p\u00e9renniser toute une fili\u00e8re, du pr\u00e9 \u00e0 l&rsquo;assiette. <\/p>\n\n\n\n<figure class=\"wp-block-image size-large\"><img decoding=\"async\" loading=\"lazy\" width=\"1024\" height=\"683\" src=\"https:\/\/www.maslerougetcantal.fr\/page\/wp-content\/uploads\/2021\/05\/K1A6746-1024x683.jpg\" alt=\"Cochons\" class=\"wp-image-250\" srcset=\"https:\/\/www.maslerougetcantal.fr\/page\/wp-content\/uploads\/2021\/05\/K1A6746-1024x683.jpg 1024w, https:\/\/www.maslerougetcantal.fr\/page\/wp-content\/uploads\/2021\/05\/K1A6746-300x200.jpg 300w, https:\/\/www.maslerougetcantal.fr\/page\/wp-content\/uploads\/2021\/05\/K1A6746-768x512.jpg 768w, https:\/\/www.maslerougetcantal.fr\/page\/wp-content\/uploads\/2021\/05\/K1A6746-1536x1024.jpg 1536w, https:\/\/www.maslerougetcantal.fr\/page\/wp-content\/uploads\/2021\/05\/K1A6746-2048x1365.jpg 2048w, https:\/\/www.maslerougetcantal.fr\/page\/wp-content\/uploads\/2021\/05\/K1A6746-1568x1045.jpg 1568w\" sizes=\"(max-width: 1024px) 100vw, 1024px\" \/><\/figure>\n","protected":false},"excerpt":{"rendered":"<p>Depuis toujours, Mas, charcutier et salaisonnier, travaille au quotidien avec les \u00e9leveurs et les coop\u00e9ratives d&rsquo;\u00e9leveurs. A mi-chemin entre montagne et campagne, la maison se fournit dans de nombreux \u00e9levages du pays et au-del\u00e0 : il faut dire que Le Rouget se situe au carrefour de trois grandes r\u00e9gions fran\u00e7aises : Auvergne Rh\u00f4ne Alpes, Occitanie&hellip; <a class=\"more-link\" href=\"https:\/\/www.maslerougetcantal.fr\/page\/fr\/notre-histoire\/eleveurs\/\">Poursuivre la lecture de <span class=\"screen-reader-text\">\u00c9leveurs<\/span><\/a><\/p>\n","protected":false},"author":3,"featured_media":441,"parent":8,"menu_order":3,"comment_status":"closed","ping_status":"closed","template":"","meta":{"footnotes":""},"yoast_head":"<!-- This site is optimized with the Yoast SEO plugin v16.1.1 - https:\/\/yoast.com\/wordpress\/plugins\/seo\/ -->\n<title>\u00c9leveurs - Mas Le Rouget Cantal<\/title>\n<link rel=\"canonical\" href=\"https:\/\/www.maslerougetcantal.fr\/page\/fr\/notre-histoire\/eleveurs\/\" \/>\n<meta property=\"og:locale\" content=\"fr_FR\" \/>\n<meta property=\"og:type\" content=\"article\" \/>\n<meta property=\"og:title\" content=\"\u00c9leveurs - Mas Le Rouget Cantal\" \/>\n<meta property=\"og:description\" content=\"Depuis toujours, Mas, charcutier et salaisonnier, travaille au quotidien avec les \u00e9leveurs et les coop\u00e9ratives d&rsquo;\u00e9leveurs. A mi-chemin entre montagne et campagne, la maison se fournit dans de nombreux \u00e9levages du pays et au-del\u00e0 : il faut dire que Le Rouget se situe au carrefour de trois grandes r\u00e9gions fran\u00e7aises : Auvergne Rh\u00f4ne Alpes, Occitanie&hellip; Poursuivre la lecture de \u00c9leveurs\" \/>\n<meta property=\"og:url\" content=\"https:\/\/www.maslerougetcantal.fr\/page\/fr\/notre-histoire\/eleveurs\/\" \/>\n<meta property=\"og:site_name\" content=\"Mas Le Rouget Cantal\" \/>\n<meta property=\"article:modified_time\" content=\"2021-07-30T05:27:14+00:00\" \/>\n<meta property=\"og:image\" content=\"https:\/\/www.maslerougetcantal.fr\/page\/wp-content\/uploads\/2021\/07\/I2B0689_16_9.jpg\" \/>\n\t<meta property=\"og:image:width\" content=\"1920\" \/>\n\t<meta property=\"og:image:height\" content=\"1080\" \/>\n<meta name=\"twitter:card\" content=\"summary_large_image\" \/>\n<meta name=\"twitter:label1\" content=\"Dur\u00e9e de lecture est.\">\n\t<meta name=\"twitter:data1\" content=\"2 minutes\">\n<script type=\"application\/ld+json\" class=\"yoast-schema-graph\">{\"@context\":\"https:\/\/schema.org\",\"@graph\":[{\"@type\":\"WebSite\",\"@id\":\"https:\/\/www.maslerougetcantal.fr\/page\/#website\",\"url\":\"https:\/\/www.maslerougetcantal.fr\/page\/\",\"name\":\"Mas Le Rouget Cantal\",\"description\":\"Ma\\u00eetre Salaisonnier et Ma\\u00eetre Charcutier\",\"potentialAction\":[{\"@type\":\"SearchAction\",\"target\":\"https:\/\/www.maslerougetcantal.fr\/page\/?s={search_term_string}\",\"query-input\":\"required name=search_term_string\"}],\"inLanguage\":\"fr-FR\"},{\"@type\":\"ImageObject\",\"@id\":\"https:\/\/www.maslerougetcantal.fr\/page\/fr\/notre-histoire\/eleveurs\/#primaryimage\",\"inLanguage\":\"fr-FR\",\"url\":\"https:\/\/www.maslerougetcantal.fr\/page\/wp-content\/uploads\/2021\/07\/I2B0689_16_9.jpg\",\"contentUrl\":\"https:\/\/www.maslerougetcantal.fr\/page\/wp-content\/uploads\/2021\/07\/I2B0689_16_9.jpg\",\"width\":1920,\"height\":1080},{\"@type\":\"WebPage\",\"@id\":\"https:\/\/www.maslerougetcantal.fr\/page\/fr\/notre-histoire\/eleveurs\/#webpage\",\"url\":\"https:\/\/www.maslerougetcantal.fr\/page\/fr\/notre-histoire\/eleveurs\/\",\"name\":\"\\u00c9leveurs - Mas Le Rouget Cantal\",\"isPartOf\":{\"@id\":\"https:\/\/www.maslerougetcantal.fr\/page\/#website\"},\"primaryImageOfPage\":{\"@id\":\"https:\/\/www.maslerougetcantal.fr\/page\/fr\/notre-histoire\/eleveurs\/#primaryimage\"},\"datePublished\":\"2021-04-19T09:19:04+00:00\",\"dateModified\":\"2021-07-30T05:27:14+00:00\",\"breadcrumb\":{\"@id\":\"https:\/\/www.maslerougetcantal.fr\/page\/fr\/notre-histoire\/eleveurs\/#breadcrumb\"},\"inLanguage\":\"fr-FR\",\"potentialAction\":[{\"@type\":\"ReadAction\",\"target\":[\"https:\/\/www.maslerougetcantal.fr\/page\/fr\/notre-histoire\/eleveurs\/\"]}]},{\"@type\":\"BreadcrumbList\",\"@id\":\"https:\/\/www.maslerougetcantal.fr\/page\/fr\/notre-histoire\/eleveurs\/#breadcrumb\",\"itemListElement\":[{\"@type\":\"ListItem\",\"position\":1,\"item\":{\"@type\":\"WebPage\",\"@id\":\"https:\/\/www.maslerougetcantal.fr\/page\/\",\"url\":\"https:\/\/www.maslerougetcantal.fr\/page\/\",\"name\":\"Accueil\"}},{\"@type\":\"ListItem\",\"position\":2,\"item\":{\"@type\":\"WebPage\",\"@id\":\"https:\/\/www.maslerougetcantal.fr\/page\/fr\/notre-histoire\/\",\"url\":\"https:\/\/www.maslerougetcantal.fr\/page\/fr\/notre-histoire\/\",\"name\":\"Notre histoire\"}},{\"@type\":\"ListItem\",\"position\":3,\"item\":{\"@type\":\"WebPage\",\"@id\":\"https:\/\/www.maslerougetcantal.fr\/page\/fr\/notre-histoire\/eleveurs\/\",\"url\":\"https:\/\/www.maslerougetcantal.fr\/page\/fr\/notre-histoire\/eleveurs\/\",\"name\":\"\\u00c9leveurs\"}}]}]}<\/script>\n<!-- \/ Yoast SEO plugin. -->","_links":{"self":[{"href":"https:\/\/www.maslerougetcantal.fr\/page\/wp-json\/wp\/v2\/pages\/29"}],"collection":[{"href":"https:\/\/www.maslerougetcantal.fr\/page\/wp-json\/wp\/v2\/pages"}],"about":[{"href":"https:\/\/www.maslerougetcantal.fr\/page\/wp-json\/wp\/v2\/types\/page"}],"author":[{"embeddable":true,"href":"https:\/\/www.maslerougetcantal.fr\/page\/wp-json\/wp\/v2\/users\/3"}],"replies":[{"embeddable":true,"href":"https:\/\/www.maslerougetcantal.fr\/page\/wp-json\/wp\/v2\/comments?post=29"}],"version-history":[{"count":6,"href":"https:\/\/www.maslerougetcantal.fr\/page\/wp-json\/wp\/v2\/pages\/29\/revisions"}],"predecessor-version":[{"id":377,"href":"https:\/\/www.maslerougetcantal.fr\/page\/wp-json\/wp\/v2\/pages\/29\/revisions\/377"}],"up":[{"embeddable":true,"href":"https:\/\/www.maslerougetcantal.fr\/page\/wp-json\/wp\/v2\/pages\/8"}],"wp:featuredmedia":[{"embeddable":true,"href":"https:\/\/www.maslerougetcantal.fr\/page\/wp-json\/wp\/v2\/media\/441"}],"wp:attachment":[{"href":"https:\/\/www.maslerougetcantal.fr\/page\/wp-json\/wp\/v2\/media?parent=29"}],"curies":[{"name":"wp","href":"https:\/\/api.w.org\/{rel}","templated":true}]}}

Éleveurs

<figure class="wp-block-image size-large"><img decoding="async" loading="lazy" width="1024" height="683" src="https://www.maslerougetcantal.fr/page/wp-content/uploads/2021/05/I2B0632-1024x683.jpg" alt="Campagne Cantal Aveyron Lot" class="wp-image-196" srcset="https://www.maslerougetcantal.fr/page/wp-content/uploads/2021/05/I2B0632-1024x683.jpg 1024w, https://www.maslerougetcantal.fr/page/wp-content/uploads/2021/05/I2B0632-300x200.jpg 300w, https://www.maslerougetcantal.fr/page/wp-content/uploads/2021/05/I2B0632-768x512.jpg 768w, https://www.maslerougetcantal.fr/page/wp-content/uploads/2021/05/I2B0632-1536x1024.jpg 1536w, https://www.maslerougetcantal.fr/page/wp-content/uploads/2021/05/I2B0632-2048x1365.jpg 2048w, https://www.maslerougetcantal.fr/page/wp-content/uploads/2021/05/I2B0632-1568x1045.jpg 1568w" sizes="(max-width: 1024px) 100vw, 1024px" /><figcaption>Campagne : les fermes de nos éleveurs sont souvent de petites exploitations de moyenne montagne, posées ci et là dans les campagnes du Cantal, d&rsquo;Aveyron ou du Lot.</figcaption></figure>



<p>Depuis toujours, Mas, charcutier et salaisonnier, travaille au quotidien avec les éleveurs et les coopératives d&rsquo;éleveurs. A mi-chemin entre montagne et campagne, la maison se fournit dans de nombreux élevages du pays et au-delà : il faut dire que Le Rouget se situe au carrefour de trois grandes régions françaises : Auvergne Rhône Alpes, Occitanie et Nouvelle Aquitaine.</p>



<p>Au delà du critère géographique, c&rsquo;est avant tout sur la qualité de la viande que se font et se défont les relations avec les éleveurs. Mas rémunère ses éleveurs au prix juste, dans une optique de partenariat à long terme. Le maintien d&rsquo;une agriculture locale permet de pérenniser toute une filière, du pré à l&rsquo;assiette. </p>



<figure class="wp-block-image size-large"><img decoding="async" loading="lazy" width="1024" height="683" src="https://www.maslerougetcantal.fr/page/wp-content/uploads/2021/05/K1A6746-1024x683.jpg" alt="Cochons" class="wp-image-250" srcset="https://www.maslerougetcantal.fr/page/wp-content/uploads/2021/05/K1A6746-1024x683.jpg 1024w, https://www.maslerougetcantal.fr/page/wp-content/uploads/2021/05/K1A6746-300x200.jpg 300w, https://www.maslerougetcantal.fr/page/wp-content/uploads/2021/05/K1A6746-768x512.jpg 768w, https://www.maslerougetcantal.fr/page/wp-content/uploads/2021/05/K1A6746-1536x1024.jpg 1536w, https://www.maslerougetcantal.fr/page/wp-content/uploads/2021/05/K1A6746-2048x1365.jpg 2048w, https://www.maslerougetcantal.fr/page/wp-content/uploads/2021/05/K1A6746-1568x1045.jpg 1568w" sizes="(max-width: 1024px) 100vw, 1024px" /></figure>

<p>Depuis toujours, Mas, charcutier et salaisonnier, travaille au quotidien avec les éleveurs et les coopératives d&rsquo;éleveurs. A mi-chemin entre montagne et campagne, la maison se fournit dans de nombreux élevages du pays et au-delà : il faut dire que Le Rouget se situe au carrefour de trois grandes régions françaises : Auvergne Rhône Alpes, Occitanie&hellip; <a class="more-link" href="https://www.maslerougetcantal.fr/page/fr/notre-histoire/eleveurs/">Poursuivre la lecture de <span class="screen-reader-text">Éleveurs</span></a></p>

<!-- This site is optimized with the Yoast SEO plugin v16.1.1 - https://yoast.com/wordpress/plugins/seo/ -->
<title>Éleveurs - Mas Le Rouget Cantal</title>
<link rel="canonical" href="https://www.maslerougetcantal.fr/page/fr/notre-histoire/eleveurs/" />
<meta property="og:locale" content="fr_FR" />
<meta property="og:type" content="article" />
<meta property="og:title" content="Éleveurs - Mas Le Rouget Cantal" />
<meta property="og:description" content="Depuis toujours, Mas, charcutier et salaisonnier, travaille au quotidien avec les éleveurs et les coopératives d&rsquo;éleveurs. A mi-chemin entre montagne et campagne, la maison se fournit dans de nombreux élevages du pays et au-delà : il faut dire que Le Rouget se situe au carrefour de trois grandes régions françaises : Auvergne Rhône Alpes, Occitanie&hellip; Poursuivre la lecture de Éleveurs" />
<meta property="og:url" content="https://www.maslerougetcantal.fr/page/fr/notre-histoire/eleveurs/" />
<meta property="og:site_name" content="Mas Le Rouget Cantal" />
<meta property="article:modified_time" content="2021-07-30T05:27:14+00:00" />
<meta property="og:image" content="https://www.maslerougetcantal.fr/page/wp-content/uploads/2021/07/I2B0689_16_9.jpg" />
	<meta property="og:image:width" content="1920" />
	<meta property="og:image:height" content="1080" />
<meta name="twitter:card" content="summary_large_image" />
<meta name="twitter:label1" content="Durée de lecture est.">
	<meta name="twitter:data1" content="2 minutes">
<script type="application/ld+json" class="yoast-schema-graph">{"@context":"https://schema.org","@graph":[{"@type":"WebSite","@id":"https://www.maslerougetcantal.fr/page/#website","url":"https://www.maslerougetcantal.fr/page/","name":"Mas Le Rouget Cantal","description":"Ma\u00eetre Salaisonnier et Ma\u00eetre Charcutier","potentialAction":[{"@type":"SearchAction","target":"https://www.maslerougetcantal.fr/page/?s={search_term_string}","query-input":"required name=search_term_string"}],"inLanguage":"fr-FR"},{"@type":"ImageObject","@id":"https://www.maslerougetcantal.fr/page/fr/notre-histoire/eleveurs/#primaryimage","inLanguage":"fr-FR","url":"https://www.maslerougetcantal.fr/page/wp-content/uploads/2021/07/I2B0689_16_9.jpg","contentUrl":"https://www.maslerougetcantal.fr/page/wp-content/uploads/2021/07/I2B0689_16_9.jpg","width":1920,"height":1080},{"@type":"WebPage","@id":"https://www.maslerougetcantal.fr/page/fr/notre-histoire/eleveurs/#webpage","url":"https://www.maslerougetcantal.fr/page/fr/notre-histoire/eleveurs/","name":"\u00c9leveurs - Mas Le Rouget Cantal","isPartOf":{"@id":"https://www.maslerougetcantal.fr/page/#website"},"primaryImageOfPage":{"@id":"https://www.maslerougetcantal.fr/page/fr/notre-histoire/eleveurs/#primaryimage"},"datePublished":"2021-04-19T09:19:04+00:00","dateModified":"2021-07-30T05:27:14+00:00","breadcrumb":{"@id":"https://www.maslerougetcantal.fr/page/fr/notre-histoire/eleveurs/#breadcrumb"},"inLanguage":"fr-FR","potentialAction":[{"@type":"ReadAction","target":["https://www.maslerougetcantal.fr/page/fr/notre-histoire/eleveurs/"]}]},{"@type":"BreadcrumbList","@id":"https://www.maslerougetcantal.fr/page/fr/notre-histoire/eleveurs/#breadcrumb","itemListElement":[{"@type":"ListItem","position":1,"item":{"@type":"WebPage","@id":"https://www.maslerougetcantal.fr/page/","url":"https://www.maslerougetcantal.fr/page/","name":"Accueil"}},{"@type":"ListItem","position":2,"item":{"@type":"WebPage","@id":"https://www.maslerougetcantal.fr/page/fr/notre-histoire/","url":"https://www.maslerougetcantal.fr/page/fr/notre-histoire/","name":"Notre histoire"}},{"@type":"ListItem","position":3,"item":{"@type":"WebPage","@id":"https://www.maslerougetcantal.fr/page/fr/notre-histoire/eleveurs/","url":"https://www.maslerougetcantal.fr/page/fr/notre-histoire/eleveurs/","name":"\u00c9leveurs"}}]}]}</script>
<!-- / Yoast SEO plugin. -->
