{"id":65,"date":"2021-04-19T11:37:26","date_gmt":"2021-04-19T09:37:26","guid":{"rendered":"https:\/\/www.maslerougetcantal.fr\/page\/?page_id=65"},"modified":"2022-03-24T09:46:16","modified_gmt":"2022-03-24T08:46:16","slug":"mentions-legales","status":"publish","type":"page","link":"https:\/\/www.maslerougetcantal.fr\/page\/fr\/mentions-legales\/","title":{"rendered":"Mentions <b>l\u00e9gales<\/b>"},"content":{"rendered":"\n<p><strong>Ce site internet est \u00e9dit\u00e9 par Mas S.A.S. :<\/strong><\/p>\n\n\n\n<p>Mas S.A.S.<br>53 avenue du 15 septembre 1945<br>15290 LE ROUGET<br>04 71 46 10 19<br>mail@maslerouget.com<br>R.C.S. Aurillac 389 681 628<br>Soci\u00e9t\u00e9 au capital social de 600000\u20ac<br>N\u00b0 TVA intracom. FR23389681628<\/p>\n\n\n\n<p>R\u00e9gime d&rsquo;autorisation de transformation:  FR 15.268.001 CE<\/p>\n\n\n\n<p>Accord\u00e9 par DDCSPP 15 :<\/p>\n\n\n\n<p>10, place du Champ-de-Foire BP 739<br>15007 Aurillac Cedex<\/p>\n\n\n\n<p>Directeur de publication\u00a0: Antoine B\u00e9lard<\/p>\n\n\n\n<p>R\u00e9alisations graphiques et d\u00e9veloppements :<strong>\u00a0Caribara \/ <a href=\"https:\/\/www.ex-algebra.com\/\">Ex Algebra<\/a>\u00a0<\/strong><\/p>\n\n\n\n<p>Prestataire d\u2019h\u00e9bergement :\u00a0<strong>Scaleway<br>Soci\u00e9t\u00e9 par Actions Simplifi\u00e9e au capital de 214 410,50 Euros<br>SIREN : 433 115 904 RCS Paris<br>Si\u00e8ge social : 8 rue de la Ville l\u2019Ev\u00eaque, 75008 Paris<br><\/strong>H\u00e9bergement \u00e0 Saint-Ouen l\u2019Aumone (Scaleway DC5 (refroidissement adiabatique) )<\/p>\n","protected":false},"excerpt":{"rendered":"<p>Ce site internet est \u00e9dit\u00e9 par Mas S.A.S. : Mas S.A.S.53 avenue du 15 septembre 194515290 LE ROUGET04 71 46 10 19mail@maslerouget.comR.C.S. Aurillac 389 681 628Soci\u00e9t\u00e9 au capital social de 600000\u20acN\u00b0 TVA intracom. FR23389681628 R\u00e9gime d&rsquo;autorisation de transformation: FR 15.268.001 CE Accord\u00e9 par DDCSPP 15 : 10, place du Champ-de-Foire BP 73915007 Aurillac Cedex Directeur&hellip; <a class=\"more-link\" href=\"https:\/\/www.maslerougetcantal.fr\/page\/fr\/mentions-legales\/\">Poursuivre la lecture de <span class=\"screen-reader-text\">Mentions <b>l\u00e9gales<\/b><\/span><\/a><\/p>\n","protected":false},"author":3,"featured_media":0,"parent":0,"menu_order":0,"comment_status":"closed","ping_status":"closed","template":"page-no-hero.php","meta":{"footnotes":""},"yoast_head":"<!-- This site is optimized with the Yoast SEO plugin v16.1.1 - https:\/\/yoast.com\/wordpress\/plugins\/seo\/ -->\n<title>Mentions l\u00e9gales - Mas Le Rouget Cantal<\/title>\n<link rel=\"canonical\" href=\"https:\/\/www.maslerougetcantal.fr\/page\/fr\/mentions-legales\/\" \/>\n<meta property=\"og:locale\" content=\"fr_FR\" \/>\n<meta property=\"og:type\" content=\"article\" \/>\n<meta property=\"og:title\" content=\"Mentions l\u00e9gales - Mas Le Rouget Cantal\" \/>\n<meta property=\"og:description\" content=\"Ce site internet est \u00e9dit\u00e9 par Mas S.A.S. : Mas S.A.S.53 avenue du 15 septembre 194515290 LE ROUGET04 71 46 10 19mail@maslerouget.comR.C.S. Aurillac 389 681 628Soci\u00e9t\u00e9 au capital social de 600000\u20acN\u00b0 TVA intracom. FR23389681628 R\u00e9gime d&rsquo;autorisation de transformation: FR 15.268.001 CE Accord\u00e9 par DDCSPP 15 : 10, place du Champ-de-Foire BP 73915007 Aurillac Cedex Directeur&hellip; Poursuivre la lecture de Mentions l\u00e9gales\" \/>\n<meta property=\"og:url\" content=\"https:\/\/www.maslerougetcantal.fr\/page\/fr\/mentions-legales\/\" \/>\n<meta property=\"og:site_name\" content=\"Mas Le Rouget Cantal\" \/>\n<meta property=\"article:modified_time\" content=\"2022-03-24T08:46:16+00:00\" \/>\n<meta name=\"twitter:card\" content=\"summary_large_image\" \/>\n<meta name=\"twitter:label1\" content=\"Dur\u00e9e de lecture est.\">\n\t<meta name=\"twitter:data1\" content=\"1 minute\">\n<script type=\"application\/ld+json\" class=\"yoast-schema-graph\">{\"@context\":\"https:\/\/schema.org\",\"@graph\":[{\"@type\":\"WebSite\",\"@id\":\"https:\/\/www.maslerougetcantal.fr\/page\/#website\",\"url\":\"https:\/\/www.maslerougetcantal.fr\/page\/\",\"name\":\"Mas Le Rouget Cantal\",\"description\":\"Ma\\u00eetre Salaisonnier et Ma\\u00eetre Charcutier\",\"potentialAction\":[{\"@type\":\"SearchAction\",\"target\":\"https:\/\/www.maslerougetcantal.fr\/page\/?s={search_term_string}\",\"query-input\":\"required name=search_term_string\"}],\"inLanguage\":\"fr-FR\"},{\"@type\":\"WebPage\",\"@id\":\"https:\/\/www.maslerougetcantal.fr\/page\/fr\/mentions-legales\/#webpage\",\"url\":\"https:\/\/www.maslerougetcantal.fr\/page\/fr\/mentions-legales\/\",\"name\":\"Mentions l\\u00e9gales - Mas Le Rouget Cantal\",\"isPartOf\":{\"@id\":\"https:\/\/www.maslerougetcantal.fr\/page\/#website\"},\"datePublished\":\"2021-04-19T09:37:26+00:00\",\"dateModified\":\"2022-03-24T08:46:16+00:00\",\"breadcrumb\":{\"@id\":\"https:\/\/www.maslerougetcantal.fr\/page\/fr\/mentions-legales\/#breadcrumb\"},\"inLanguage\":\"fr-FR\",\"potentialAction\":[{\"@type\":\"ReadAction\",\"target\":[\"https:\/\/www.maslerougetcantal.fr\/page\/fr\/mentions-legales\/\"]}]},{\"@type\":\"BreadcrumbList\",\"@id\":\"https:\/\/www.maslerougetcantal.fr\/page\/fr\/mentions-legales\/#breadcrumb\",\"itemListElement\":[{\"@type\":\"ListItem\",\"position\":1,\"item\":{\"@type\":\"WebPage\",\"@id\":\"https:\/\/www.maslerougetcantal.fr\/page\/\",\"url\":\"https:\/\/www.maslerougetcantal.fr\/page\/\",\"name\":\"Accueil\"}},{\"@type\":\"ListItem\",\"position\":2,\"item\":{\"@type\":\"WebPage\",\"@id\":\"https:\/\/www.maslerougetcantal.fr\/page\/fr\/mentions-legales\/\",\"url\":\"https:\/\/www.maslerougetcantal.fr\/page\/fr\/mentions-legales\/\",\"name\":\"Mentions l\\u00e9gales\"}}]}]}<\/script>\n<!-- \/ Yoast SEO plugin. -->","_links":{"self":[{"href":"https:\/\/www.maslerougetcantal.fr\/page\/wp-json\/wp\/v2\/pages\/65"}],"collection":[{"href":"https:\/\/www.maslerougetcantal.fr\/page\/wp-json\/wp\/v2\/pages"}],"about":[{"href":"https:\/\/www.maslerougetcantal.fr\/page\/wp-json\/wp\/v2\/types\/page"}],"author":[{"embeddable":true,"href":"https:\/\/www.maslerougetcantal.fr\/page\/wp-json\/wp\/v2\/users\/3"}],"replies":[{"embeddable":true,"href":"https:\/\/www.maslerougetcantal.fr\/page\/wp-json\/wp\/v2\/comments?post=65"}],"version-history":[{"count":8,"href":"https:\/\/www.maslerougetcantal.fr\/page\/wp-json\/wp\/v2\/pages\/65\/revisions"}],"predecessor-version":[{"id":474,"href":"https:\/\/www.maslerougetcantal.fr\/page\/wp-json\/wp\/v2\/pages\/65\/revisions\/474"}],"wp:attachment":[{"href":"https:\/\/www.maslerougetcantal.fr\/page\/wp-json\/wp\/v2\/media?parent=65"}],"curies":[{"name":"wp","href":"https:\/\/api.w.org\/{rel}","templated":true}]}}